{"id":2482,"date":"2026-04-02T10:24:15","date_gmt":"2026-04-02T10:24:15","guid":{"rendered":"https:\/\/kuyusanat.com\/?post_type=product&#038;p=2482"},"modified":"2026-04-02T10:24:41","modified_gmt":"2026-04-02T10:24:41","slug":"cekic-100-gr-hobi-fliografi","status":"publish","type":"product","link":"https:\/\/kuyusanat.com\/?product=cekic-100-gr-hobi-fliografi","title":{"rendered":"\u00c7eki\u00e7 100 Gr Hobi-Fliografi"},"content":{"rendered":"<div class=\"flex flex-col text-sm pb-25\">\n<section class=\"text-token-text-primary w-full focus:outline-none [--shadow-height:45px] has-data-writing-block:pointer-events-none has-data-writing-block:-mt-(--shadow-height) has-data-writing-block:pt-(--shadow-height) [&amp;:has([data-writing-block])&gt;*]:pointer-events-auto scroll-mt-[calc(var(--header-height)+min(200px,max(70px,20svh)))]\" dir=\"auto\" data-turn-id=\"request-WEB:16b7017c-7ce9-421e-a996-70953e4378df-4\" data-testid=\"conversation-turn-10\" data-scroll-anchor=\"true\" data-turn=\"assistant\">\n<div class=\"text-base my-auto mx-auto pb-10 [--thread-content-margin:var(--thread-content-margin-xs,calc(var(--spacing)*4))] @w-sm\/main:[--thread-content-margin:var(--thread-content-margin-sm,calc(var(--spacing)*6))] @w-lg\/main:[--thread-content-margin:var(--thread-content-margin-lg,calc(var(--spacing)*16))] px-(--thread-content-margin)\">\n<div class=\"[--thread-content-max-width:40rem] @w-lg\/main:[--thread-content-max-width:48rem] mx-auto max-w-(--thread-content-max-width) flex-1 group\/turn-messages focus-visible:outline-hidden relative flex w-full min-w-0 flex-col agent-turn\">\n<div class=\"flex max-w-full flex-col gap-4 grow\">\n<div class=\"min-h-8 text-message relative flex w-full flex-col items-end gap-2 text-start break-words whitespace-normal outline-none keyboard-focused:focus-ring [.text-message+&amp;]:mt-1\" dir=\"auto\" tabindex=\"0\" data-message-author-role=\"assistant\" data-message-id=\"9cdf575a-7f65-4ed2-b88f-84be98d796c2\" data-message-model-slug=\"gpt-5-3\" data-turn-start-message=\"true\">\n<div class=\"flex w-full flex-col gap-1 empty:hidden\">\n<div class=\"markdown prose dark:prose-invert w-full wrap-break-word light markdown-new-styling\">\n<p data-start=\"57\" data-end=\"293\">100 gr \u00e7eki\u00e7, hafif ve kompakt yap\u0131s\u0131 sayesinde hassas i\u015flerde kontroll\u00fc kullan\u0131m sunar. \u00c7elik ba\u015fl\u0131\u011f\u0131 dayan\u0131kl\u0131l\u0131k sa\u011flarken, ergonomik sap\u0131 rahat tutu\u015f imk\u00e2n\u0131 verir. K\u00fc\u00e7\u00fck tamirat, montaj ve hobi \u00e7al\u0131\u015fmalar\u0131nda pratik bir yard\u0131mc\u0131d\u0131r.<\/p>\n<p data-start=\"295\" data-end=\"317\"><strong data-start=\"295\" data-end=\"317\">Kullan\u0131m Alanlar\u0131:<\/strong><\/p>\n<ul data-start=\"318\" data-end=\"433\">\n<li data-section-id=\"146isn3\" data-start=\"318\" data-end=\"348\">K\u00fc\u00e7\u00fck \u00e7ivi \u00e7akma i\u015flemleri<\/li>\n<li data-section-id=\"l7nsts\" data-start=\"349\" data-end=\"380\">Hobi ve el i\u015fi uygulamalar\u0131<\/li>\n<li data-section-id=\"1dexy90\" data-start=\"381\" data-end=\"405\">Hassas montaj i\u015fleri<\/li>\n<li data-section-id=\"17l86u0\" data-start=\"406\" data-end=\"433\">Ev i\u00e7i basit tamiratlar<\/li>\n<\/ul>\n<p data-start=\"435\" data-end=\"570\" data-is-last-node=\"\" data-is-only-node=\"\">G\u00fcnl\u00fck kullan\u0131m i\u00e7in ideal olan 100 gr \u00e7eki\u00e7, kolay ta\u015f\u0131nabilir yap\u0131s\u0131yla her tak\u0131m \u00e7antas\u0131nda bulunmas\u0131 gereken temel bir el aletidir.<\/p>\n<\/div>\n<\/div>\n<\/div>\n<\/div>\n<div class=\"z-0 flex min-h-[46px] justify-start\"><\/div>\n<\/div>\n<\/div>\n<\/section>\n<\/div>\n<div class=\"pointer-events-none h-px w-px absolute bottom-0\" aria-hidden=\"true\" data-edge=\"true\"><\/div>\n","protected":false},"excerpt":{"rendered":"<div class=\"flex flex-col text-sm pb-25\">\n<section class=\"text-token-text-primary w-full focus:outline-none [--shadow-height:45px] has-data-writing-block:pointer-events-none has-data-writing-block:-mt-(--shadow-height) has-data-writing-block:pt-(--shadow-height) [&amp;:has([data-writing-block])&gt;*]:pointer-events-auto scroll-mt-[calc(var(--header-height)+min(200px,max(70px,20svh)))]\" dir=\"auto\" data-turn-id=\"request-WEB:16b7017c-7ce9-421e-a996-70953e4378df-4\" data-testid=\"conversation-turn-10\" data-scroll-anchor=\"true\" data-turn=\"assistant\">\n<div class=\"text-base my-auto mx-auto pb-10 [--thread-content-margin:var(--thread-content-margin-xs,calc(var(--spacing)*4))] @w-sm\/main:[--thread-content-margin:var(--thread-content-margin-sm,calc(var(--spacing)*6))] @w-lg\/main:[--thread-content-margin:var(--thread-content-margin-lg,calc(var(--spacing)*16))] px-(--thread-content-margin)\">\n<div class=\"[--thread-content-max-width:40rem] @w-lg\/main:[--thread-content-max-width:48rem] mx-auto max-w-(--thread-content-max-width) flex-1 group\/turn-messages focus-visible:outline-hidden relative flex w-full min-w-0 flex-col agent-turn\">\n<div class=\"flex max-w-full flex-col gap-4 grow\">\n<div class=\"min-h-8 text-message relative flex w-full flex-col items-end gap-2 text-start break-words whitespace-normal outline-none keyboard-focused:focus-ring [.text-message+&amp;]:mt-1\" dir=\"auto\" tabindex=\"0\" data-message-author-role=\"assistant\" data-message-id=\"9cdf575a-7f65-4ed2-b88f-84be98d796c2\" data-message-model-slug=\"gpt-5-3\" data-turn-start-message=\"true\">\n<div class=\"flex w-full flex-col gap-1 empty:hidden\">\n<div class=\"markdown prose dark:prose-invert w-full wrap-break-word light markdown-new-styling\">\n<p data-start=\"57\" data-end=\"293\">100 gr \u00e7eki\u00e7, hafif ve kompakt yap\u0131s\u0131 sayesinde hassas i\u015flerde kontroll\u00fc kullan\u0131m sunar. \u00c7elik ba\u015fl\u0131\u011f\u0131 dayan\u0131kl\u0131l\u0131k sa\u011flarken, ergonomik sap\u0131 rahat tutu\u015f imk\u00e2n\u0131 verir. K\u00fc\u00e7\u00fck tamirat, montaj ve hobi \u00e7al\u0131\u015fmalar\u0131nda pratik bir yard\u0131mc\u0131d\u0131r.<\/p>\n<\/div>\n<\/div>\n<\/div>\n<\/div>\n<div class=\"z-0 flex min-h-[46px] justify-start\"><\/div>\n<\/div>\n<\/div>\n<\/section>\n<\/div>\n<div class=\"pointer-events-none h-px w-px absolute bottom-0\" aria-hidden=\"true\" data-edge=\"true\"><\/div>\n","protected":false},"featured_media":2484,"comment_status":"open","ping_status":"closed","template":"","meta":[],"brand":[],"product_brand":[],"product_cat":[15,122],"product_tag":[],"class_list":{"0":"post-2482","1":"product","2":"type-product","3":"status-publish","4":"has-post-thumbnail","6":"product_cat-hirdavat","7":"product_cat-filiografimalzemeleri","8":"grid-item","9":"left-slider","11":"first","12":"instock","13":"sale","14":"shipping-taxable","15":"purchasable","16":"product-type-simple"},"_links":{"self":[{"href":"https:\/\/kuyusanat.com\/index.php?rest_route=\/wp\/v2\/product\/2482","targetHints":{"allow":["GET"]}}],"collection":[{"href":"https:\/\/kuyusanat.com\/index.php?rest_route=\/wp\/v2\/product"}],"about":[{"href":"https:\/\/kuyusanat.com\/index.php?rest_route=\/wp\/v2\/types\/product"}],"replies":[{"embeddable":true,"href":"https:\/\/kuyusanat.com\/index.php?rest_route=%2Fwp%2Fv2%2Fcomments&post=2482"}],"wp:featuredmedia":[{"embeddable":true,"href":"https:\/\/kuyusanat.com\/index.php?rest_route=\/wp\/v2\/media\/2484"}],"wp:attachment":[{"href":"https:\/\/kuyusanat.com\/index.php?rest_route=%2Fwp%2Fv2%2Fmedia&parent=2482"}],"wp:term":[{"taxonomy":"brand","embeddable":true,"href":"https:\/\/kuyusanat.com\/index.php?rest_route=%2Fwp%2Fv2%2Fbrand&post=2482"},{"taxonomy":"product_brand","embeddable":true,"href":"https:\/\/kuyusanat.com\/index.php?rest_route=%2Fwp%2Fv2%2Fproduct_brand&post=2482"},{"taxonomy":"product_cat","embeddable":true,"href":"https:\/\/kuyusanat.com\/index.php?rest_route=%2Fwp%2Fv2%2Fproduct_cat&post=2482"},{"taxonomy":"product_tag","embeddable":true,"href":"https:\/\/kuyusanat.com\/index.php?rest_route=%2Fwp%2Fv2%2Fproduct_tag&post=2482"}],"curies":[{"name":"wp","href":"https:\/\/api.w.org\/{rel}","templated":true}]}}