{"id":2450,"date":"2026-03-25T11:13:01","date_gmt":"2026-03-25T11:13:01","guid":{"rendered":"https:\/\/kuyusanat.com\/?post_type=product&#038;p=2450"},"modified":"2026-03-25T13:02:34","modified_gmt":"2026-03-25T13:02:34","slug":"tutkal-kalemi-cubuklari-gluey","status":"publish","type":"product","link":"https:\/\/kuyusanat.com\/?product=tutkal-kalemi-cubuklari-gluey","title":{"rendered":"Tutkal Kalemi \u00c7ubuklar\u0131\/ Gluey Renkli"},"content":{"rendered":"<p>Tutkal kalemi i\u00e7in tutkal \u00e7ubuklar\u0131d\u0131r. \u0130ster yaz\u0131 yaz\u0131n ister \u015fekil \u00e7izin dayan\u0131kl\u0131 ve \u00e7abuk donma \u00f6zelli\u011fine sahiptir<\/p>\n","protected":false},"excerpt":{"rendered":"<p>Tutkal kalemi i\u00e7in tutkal \u00e7ubuklar\u0131d\u0131r. \u0130ster yaz\u0131 yaz\u0131n ister \u015fekil \u00e7izin dayan\u0131kl\u0131 ve \u00e7abuk donma \u00f6zelli\u011fine sahiptir<\/p>\n","protected":false},"featured_media":2451,"comment_status":"open","ping_status":"closed","template":"","meta":[],"brand":[151],"product_brand":[],"product_cat":[149,124],"product_tag":[150,109],"class_list":{"0":"post-2450","1":"product","2":"type-product","3":"status-publish","4":"has-post-thumbnail","6":"brand-kuyusanat","7":"product_cat-genel","8":"product_cat-rolyefmalzemeleri","9":"product_tag-genel","10":"product_tag-rolyef","11":"grid-item","12":"left-slider","14":"first","15":"instock","16":"shipping-taxable","17":"purchasable","18":"product-type-simple"},"_links":{"self":[{"href":"https:\/\/kuyusanat.com\/index.php?rest_route=\/wp\/v2\/product\/2450","targetHints":{"allow":["GET"]}}],"collection":[{"href":"https:\/\/kuyusanat.com\/index.php?rest_route=\/wp\/v2\/product"}],"about":[{"href":"https:\/\/kuyusanat.com\/index.php?rest_route=\/wp\/v2\/types\/product"}],"replies":[{"embeddable":true,"href":"https:\/\/kuyusanat.com\/index.php?rest_route=%2Fwp%2Fv2%2Fcomments&post=2450"}],"wp:featuredmedia":[{"embeddable":true,"href":"https:\/\/kuyusanat.com\/index.php?rest_route=\/wp\/v2\/media\/2451"}],"wp:attachment":[{"href":"https:\/\/kuyusanat.com\/index.php?rest_route=%2Fwp%2Fv2%2Fmedia&parent=2450"}],"wp:term":[{"taxonomy":"brand","embeddable":true,"href":"https:\/\/kuyusanat.com\/index.php?rest_route=%2Fwp%2Fv2%2Fbrand&post=2450"},{"taxonomy":"product_brand","embeddable":true,"href":"https:\/\/kuyusanat.com\/index.php?rest_route=%2Fwp%2Fv2%2Fproduct_brand&post=2450"},{"taxonomy":"product_cat","embeddable":true,"href":"https:\/\/kuyusanat.com\/index.php?rest_route=%2Fwp%2Fv2%2Fproduct_cat&post=2450"},{"taxonomy":"product_tag","embeddable":true,"href":"https:\/\/kuyusanat.com\/index.php?rest_route=%2Fwp%2Fv2%2Fproduct_tag&post=2450"}],"curies":[{"name":"wp","href":"https:\/\/api.w.org\/{rel}","templated":true}]}}